29 (base 15) to base 9
18303
41315 (base 6) to base 14
2023
57 (base 14) to base 5
302
12a14 (base 13) to base 9
52483
Convert 13101 (base 4) to base 12.
329
What is -22322 (base 5) in base 8?
-3063
Convert -3322010 (base 4) to base 5.
-1003004
-241 (base 14) to base 12
-315
Convert -45354 (base 6) to base 3.
-22210021
202111001 (base 3) to base 10
14932
Convert 102001333 (base 4) to base 15.
16d3a
What is -101000101011 (base 2) in base 5?
-40403
-1959 (base 10) to base 4
-132213
-187b1 (base 14) to base 5
-3440040
Convert -1210 (base 3) to base 5.
-143
-19483 (base 10) to base 4
-10300123
Convert 10010010101 (base 2) to base 6.
5233
What is 1032231 (base 4) in base 15?
175c
1341 (base 7) to base 13
30c
What is -211313 (base 4) in base 16?
-977
What is 12f (base 16) in base 15?
153
What is -12400 (base 6) in base 10?
-1872
Convert 3354 (base 7) to base 9.
1600
Convert 1301013 (base 4) to base 14.
28d1
Convert 355 (base 14) to base 3.
220120
Convert -121200 (base 3) to base 14.
-242
What is -10122112111 (base 3) in base 9?
-118474
2256 (base 7) to base 10
825
What is -c7 (base 14) in base 11?
-14a
Convert 258 (base 14) to base 12.
332
256 (base 9) to base 12
159
35735 (base 10) to base 3
1211000112
Convert -66755 (base 9) to base 4.
-22311011
1111000 (base 2) to base 9
143
899 (base 12) to base 6
5513
Convert -232103 (base 4) to base 6.
-21415
What is -2986 (base 14) in base 3?
-101002222
Convert -1134441 (base 5) to base 15.
-6466
22022 (base 3) to base 6
1012
Convert 38d0 (base 16) to base 14.
542c
a452 (base 15) to base 9
52565
What is 1ab (base 12) in base 7?
542
-905 (base 15) to base 16
-7ee
10001111011 (base 2) to base 13
6a3
-4035 (base 10) to base 4
-333003
Convert -351000 (base 6) to base 5.
-1430044
What is -248c (base 13) in base 14?
-1c66
Convert -10101000001101 (base 2) to base 3.
-112202201
Convert 203203 (base 4) to base 9.
3107
What is -53017 (base 8) in base 4?
-11120033
What is 31311300 (base 4) in base 9?
85676
-3320131 (base 4) to base 16
-3e1d
-261a8 (base 11) to base 6
-445351
Convert -101001001010011 (base 2) to base 15.
-63a0
Convert 1185 (base 13) to base 6.
15243
Convert -4115 (base 7) to base 14.
-745
-13588 (base 12) to base 16
-6878
What is -5803 (base 13) in base 10?
-12340
What is 2011 (base 3) in base 5?
213
Convert -3510 (base 8) to base 5.
-24424
Convert 2256 (base 7) to base 10.
825
What is -353 (base 9) in base 15?
-146
1154e (base 15) to base 6
1103315
Convert 213001 (base 4) to base 9.
3374
Convert 14040 (base 7) to base 15.
11d6
What is -153421 (base 7) in base 4?
-13111210
-100010001 (base 2) to base 13
-180
Convert 2879 (base 15) to base 5.
234124
-10100010110001 (base 2) to base 11
-7910
-2844 (base 9) to base 2
-100001100010
What is 743e (base 15) in base 3?
1020201112
What is 2513 (base 11) in base 15?
e8b
-169 (base 15) to base 14
-192
Convert 31331 (base 4) to base 2.
1101111101
Convert -3103 (base 4) to base 2.
-11010011
85 (base 16) to base 8
205
3205 (base 6) to base 16
2d5
3304 (base 10) to base 3
11112101
a228 (base 14) to base 2
110110011011100
Convert 8988 (base 12) to base 5.
441344
-1805 (base 12) to base 2
-101101000101
Convert -10478 (base 9) to base 10.
-6956
Convert -1722 (base 14) to base 10.
-4146
-306d (base 16) to base 7
-51100
What is -358 (base 13) in base 5?
-4310
What is 2100101212 (base 3) in base 6?
553552
491 (base 12) to base 3
221101
-9b (base 15) to base 10
-146
Convert -2000001 (base 3) to base 9.
-2001
Convert -20003013 (base 4) to base 8.
-100307
What is -32441 (base 5) in base 3?
-10002012
What is 2131223 (base 5) in base 16?
8e56
What is 24a6c (base 13) in base 9?
112761
What is -1011111111 (base 2) in base 6?
-3315
100111 (base 2) to base 4
213
-2203 (base 5) to base 3
-102020
What is 13334 (base 6) in base 4?
200122
What is 12 (base 14) in base 12?
14
What is -261b (base 14) in base 7?
-25334
What is -2523 (base 8) in base 4?
-111103
Convert 45034 (base 7) to base 13.
5218
What is 800d (base 14) in base 5?
1200330
Convert 114 (base 9) to base 12.
7a
Convert 308e (base 15) to base 7.
41624
What is 955 (base 11) in base 6?
5153
What is 120000 (base 3) in base 16?
195
What is 124420 (base 6) in base 5?
331023
What is -58 (base 14) in base 13?
-60
What is 3605 (base 8) in base 7?
5420
What is -532 (base 16) in base 14?
-6b0
1203333 (base 6) to base 3
10012101210
What is -c7b2 (base 14) in base 15?
-a321
-8475 (base 9) to base 6
-44452
Convert -2807 (base 10) to base 16.
-af7
What is -3a0 (base 16) in base 2?
-1110100000
What is -40255 (base 9) in base 14?
-98da
498 (base 10) to base 3
200110
What is 1644 (base 8) in base 13?
569
Convert -2101 (base 3) to base 7.
-121
What is 52036 (base 7) in base 10?
12718
What is 143 (base 14) in base 13?
168
What is -2259a (base 13) in base 9?
-104641
What is -10114 (base 6) in base 13?
-7c3
1220100111 (base 3) to base 14
d8dd
Convert -1304 (base 5) to base 3.
-21120
Convert 269 (base 12) to base 11.
306
-30740 (base 8) to base 16
-31e0
-10432 (base 8) to base 2
-1000100011010
121365 (base 7) to base 2
101011010000010
What is 11202213 (base 4) in base 5?
1211240
1a04 (base 12) to base 6
22404
31321 (base 4) to base 14
477
-793 (base 11) to base 5
-12244
What is -23142 (base 6) in base 10?
-3302
Convert -10153 (base 7) to base 5.
-34423
What is 111110011110 (base 2) in base 4?
332132
Convert -22516 (base 9) to base 13.
-6a9b
618 (base 11) to base 5
10440
-595 (base 11) to base 9
-867
What is -4654 (base 7) in base 4?
-122221
Convert -1ce (base 15) to base 14.
-21d
-2b0 (base 14) to base 16
-222
Convert -2120211 (base 3) to base 10.
-1885
-2132341 (base 5) to base 12
-19218
-566 (base 7) to base 2
-100100101
What is 434 (base 9) in base 11?
2a3
What is -3b0 (base 15) in base 6?
-3520
56363 (base 7) to base 10
14255
-1076 (base 12) to base 4
-130122
Convert 131032 (base 4) to base 9.
2507
Convert 527 (base 12) to base 16.
2ef
What is -2202 (base 5) in base 4?
-10232
194a (base 15) to base 16
155e
305 (base 6) to base 11
a3
Convert 11010101111 (base 2) to base 8.
3257
-101110000 (base 2) to base 11
-305
-103552 (base 7) to base 12
-a59a
-10010110010 (base 2) to base 3
-1122112
What is -10b74 (base 15) in base 11?
-36a82
What is 1000331 (base 4) in base 13?
1b7a
What is 22d7 (base 16) in base 11?
6779
Convert 131 (base 15) to base 10.
271
Convert 1465 (base 7) to base 8.
1112
Convert 37 (base 8) to base 11.
29
-1201 (base 13) to base 8
-4750
-537 (base 8) to base 6
-1343
Convert 13024 (base 5) to base 8.
1766
1317 (base 16) to base 13
22bc
48 (base 16) to base 6
200
What is -481 (base 10) in base 5?
-3411
14130 (base 6) to base 4
202212
Convert -4220402 (base 5) to base 14.
-1b794
What is 662 (base 12) in base 14?
4b0
Convert 528c (base 15) to base 6.
212453
What is -2938 (base 12) in base 14?
-1a68
-123113 (base 4) to base 2
-11011010111
What is 2887 (base 11) in base 7?
13601
Convert -1257 (base 8) to base 10.
-687
Convert -10a56 (base 12) to base 7.
-121563
-10110010100 (base 2) to base 13
-85b
Convert 1111010010011 (base 2) to base 8.
17223
Convert -985 (base 11) to base 8.
-2236
Convert 1100 (base 3) to base 15.
26
What is -120101210 (base 3) in base 12?
-65b6
1240 (base 5) to base 8
303
17016 (base 12) to base 9
50050
Convert -1408 (base 13) to base 11.
-218a
Convert -321204 (base 7) to base 9.
-84323
1531 (base 11) to base 15
8b5
What is 8d93 (base 14) in base 11?
17560
-760 (base 8) to base 12
-354
Convert 42354 (base 6) to base 9.
7807
22be (base 15) to base 16
1cd3
Convert 63b (base 15) to base 14.
726
13320001 (base 4) to base 3
1122020201
Convert 3300122 (base 4) to base 11.
10618
What is 211 (base 7) in base 16?
6a
What is 36625 (base 10) in base 4?
20330101
What is 19880 (base 10) in base 14?
7360
What is 87ac (base 14) in base 7?
125305
26b (base 12) to base 15
19b
999 (base 14) to base 3
2121100
What is 202122 (base 3) in base 12?
3a5
Convert d7b (base 15) to base 7.
11603
-11002002110 (base 3) to base 5
-10032011
2613 (base 14) to base 4
1220121
5444 (base 7) to base 4
132113
What is -192 (base 13) in base 6?
-1200
Convert -17306 (base 8) to base 4.
-1323012
Convert 5223 (base 10) to base 12.
3033
What is -34432 (base 5) in base 3?
-10102022
Convert -59 (base 11) to base 14.
-48
What is -1000112221 (base 3) in base 